{"id":6415,"date":"2019-05-30T10:35:14","date_gmt":"2019-05-30T16:35:14","guid":{"rendered":"https:\/\/centredappuifamilial.ca\/?post_type=product&#038;p=6415"},"modified":"2023-06-27T15:43:22","modified_gmt":"2023-06-27T21:43:22","slug":"cuisine-collective-multiculturelle","status":"publish","type":"product","link":"https:\/\/centredappuifamilial.ca\/en\/product\/cuisine-collective-multiculturelle\/","title":{"rendered":"Cuisine collective multiculturelle"},"content":{"rendered":"<div class=\"fusion-fullwidth fullwidth-box fusion-builder-row-1 nonhundred-percent-fullwidth non-hundred-percent-height-scrolling\" style=\"--awb-border-radius-top-left:0px;--awb-border-radius-top-right:0px;--awb-border-radius-bottom-right:0px;--awb-border-radius-bottom-left:0px;--awb-flex-wrap:wrap;\" ><div class=\"fusion-builder-row fusion-row\"><div class=\"fusion-layout-column fusion_builder_column fusion-builder-column-0 fusion_builder_column_1_1 1_1 fusion-one-full fusion-column-first fusion-column-last\" style=\"--awb-bg-size:cover;--awb-margin-bottom:0px;\"><div class=\"fusion-column-wrapper fusion-flex-column-wrapper-legacy\"><div class=\"fusion-text fusion-text-1\"><\/div><div class=\"fusion-clearfix\"><\/div><\/div><\/div><\/div><\/div>\n","protected":false},"excerpt":{"rendered":"<p><span style=\"color: #ff0000;\"><strong>Jeudi 27 juin 2019<\/strong><\/span><\/p>\n<p><strong>De 17h30 \u00e0 20h30<\/strong><\/p>\n<p>\u00c0 l\u2019\u00e9cole Sainte-Marguerite-Bourgeoys\u00a0 (4700 Richard road SW &#8211; Calgary)<\/p>\n<p>Les cuisines collectives, c\u2019est plus que de la cuisine. On sort de la maison, on rencontre de nouvelles personnes et on fait aussi de belles d\u00e9couvertes culinaires. On rit, on s\u2019amuse, on d\u00e9couvre et cuisine des recettes du monde pour ensuite les d\u00e9guster tous ensemble.<\/p>\n<p><strong>Inscriptions obligatoires \u00e0 karene@cdafsa.ca ou au 403-249-0525 poste 3<\/strong><\/p>\n<p><span style=\"color: #008080;\"><em><strong>Service de garde et repas inclus<\/strong><\/em><\/span><em style=\"color: #008080;\"><strong>\u00a0pour les enfants \u00e2g\u00e9s de 3 \u00e0 10 ans * (*sur inscription uniquement)<\/strong><\/em><\/p>\n<p>Cet \u00e9v\u00e8nement est organis\u00e9 en partenariat entre le Centre d&#8217;appui familial, La Cit\u00e9 des Rocheuses et le Centre d&#8217;accueil francophone.<\/p>\n","protected":false},"author":2,"featured_media":6413,"comment_status":"open","ping_status":"closed","template":"","meta":{"_monsterinsights_skip_tracking":false,"_monsterinsights_sitenote_active":false,"_monsterinsights_sitenote_note":"","_monsterinsights_sitenote_category":0},"product_brand":[],"product_cat":[114,113,95],"product_tag":[],"class_list":{"0":"post-6415","1":"product","2":"type-product","3":"status-publish","4":"has-post-thumbnail","6":"product_cat-activites-famille-en-semaine-en","7":"product_cat-calgary-genesis-en","8":"product_cat-calgary-so-en","10":"first","11":"outofstock","12":"downloadable","13":"virtual","14":"product-type-simple"},"yoast_head":"<!-- This site is optimized with the Yoast SEO plugin v27.4 - https:\/\/yoast.com\/product\/yoast-seo-wordpress\/ -->\n<title>Cuisine collective multiculturelle - Le Centre d&#039;Appui Familial<\/title>\n<meta name=\"robots\" content=\"index, follow, max-snippet:-1, max-image-preview:large, max-video-preview:-1\" \/>\n<link rel=\"canonical\" href=\"https:\/\/centredappuifamilial.ca\/en\/product\/cuisine-collective-multiculturelle\/\" \/>\n<meta property=\"og:locale\" content=\"en_US\" \/>\n<meta property=\"og:type\" content=\"article\" \/>\n<meta property=\"og:title\" content=\"Cuisine collective multiculturelle - Le Centre d&#039;Appui Familial\" \/>\n<meta property=\"og:description\" content=\"Jeudi 27 juin 2019  De 17h30 \u00e0 20h30  \u00c0 l\u2019\u00e9cole Sainte-Marguerite-Bourgeoys\u00a0 (4700 Richard road SW - Calgary)  Les cuisines collectives, c\u2019est plus que de la cuisine. On sort de la maison, on rencontre de nouvelles personnes et on fait aussi de belles d\u00e9couvertes culinaires. On rit, on s\u2019amuse, on d\u00e9couvre et cuisine des recettes du monde pour ensuite les d\u00e9guster tous ensemble.  Inscriptions obligatoires \u00e0 karene@cdafsa.ca ou au 403-249-0525 poste 3  Service de garde et repas inclus\u00a0pour les enfants \u00e2g\u00e9s de 3 \u00e0 10 ans * (*sur inscription uniquement)  Cet \u00e9v\u00e8nement est organis\u00e9 en partenariat entre le Centre d&#039;appui familial, La Cit\u00e9 des Rocheuses et le Centre d&#039;accueil francophone.\" \/>\n<meta property=\"og:url\" content=\"https:\/\/centredappuifamilial.ca\/en\/product\/cuisine-collective-multiculturelle\/\" \/>\n<meta property=\"og:site_name\" content=\"Le Centre d&#039;Appui Familial\" \/>\n<meta property=\"article:modified_time\" content=\"2023-06-27T21:43:22+00:00\" \/>\n<meta property=\"og:image\" content=\"https:\/\/centredappuifamilial.ca\/wp-content\/uploads\/2019\/05\/cuisine-collective-multiculturelle-ok.png\" \/>\n\t<meta property=\"og:image:width\" content=\"1307\" \/>\n\t<meta property=\"og:image:height\" content=\"739\" \/>\n\t<meta property=\"og:image:type\" content=\"image\/png\" \/>\n<meta name=\"twitter:card\" content=\"summary_large_image\" \/>\n<meta name=\"twitter:label1\" content=\"Est. reading time\" \/>\n\t<meta name=\"twitter:data1\" content=\"1 minute\" \/>\n<script type=\"application\/ld+json\" class=\"yoast-schema-graph\">{\"@context\":\"https:\\\/\\\/schema.org\",\"@graph\":[{\"@type\":\"WebPage\",\"@id\":\"https:\\\/\\\/centredappuifamilial.ca\\\/en\\\/product\\\/cuisine-collective-multiculturelle\\\/\",\"url\":\"https:\\\/\\\/centredappuifamilial.ca\\\/en\\\/product\\\/cuisine-collective-multiculturelle\\\/\",\"name\":\"Cuisine collective multiculturelle - Le Centre d&#039;Appui Familial\",\"isPartOf\":{\"@id\":\"https:\\\/\\\/centredappuifamilial.ca\\\/#website\"},\"primaryImageOfPage\":{\"@id\":\"https:\\\/\\\/centredappuifamilial.ca\\\/en\\\/product\\\/cuisine-collective-multiculturelle\\\/#primaryimage\"},\"image\":{\"@id\":\"https:\\\/\\\/centredappuifamilial.ca\\\/en\\\/product\\\/cuisine-collective-multiculturelle\\\/#primaryimage\"},\"thumbnailUrl\":\"https:\\\/\\\/centredappuifamilial.ca\\\/wp-content\\\/uploads\\\/2019\\\/05\\\/cuisine-collective-multiculturelle-ok.png\",\"datePublished\":\"2019-05-30T16:35:14+00:00\",\"dateModified\":\"2023-06-27T21:43:22+00:00\",\"breadcrumb\":{\"@id\":\"https:\\\/\\\/centredappuifamilial.ca\\\/en\\\/product\\\/cuisine-collective-multiculturelle\\\/#breadcrumb\"},\"inLanguage\":\"en-US\",\"potentialAction\":[{\"@type\":\"ReadAction\",\"target\":[\"https:\\\/\\\/centredappuifamilial.ca\\\/en\\\/product\\\/cuisine-collective-multiculturelle\\\/\"]}]},{\"@type\":\"ImageObject\",\"inLanguage\":\"en-US\",\"@id\":\"https:\\\/\\\/centredappuifamilial.ca\\\/en\\\/product\\\/cuisine-collective-multiculturelle\\\/#primaryimage\",\"url\":\"https:\\\/\\\/centredappuifamilial.ca\\\/wp-content\\\/uploads\\\/2019\\\/05\\\/cuisine-collective-multiculturelle-ok.png\",\"contentUrl\":\"https:\\\/\\\/centredappuifamilial.ca\\\/wp-content\\\/uploads\\\/2019\\\/05\\\/cuisine-collective-multiculturelle-ok.png\",\"width\":1307,\"height\":739},{\"@type\":\"BreadcrumbList\",\"@id\":\"https:\\\/\\\/centredappuifamilial.ca\\\/en\\\/product\\\/cuisine-collective-multiculturelle\\\/#breadcrumb\",\"itemListElement\":[{\"@type\":\"ListItem\",\"position\":1,\"name\":\"Home\",\"item\":\"https:\\\/\\\/centredappuifamilial.ca\\\/en\\\/\"},{\"@type\":\"ListItem\",\"position\":2,\"name\":\"Shop\",\"item\":\"https:\\\/\\\/centredappuifamilial.ca\\\/en\\\/shop\\\/\"},{\"@type\":\"ListItem\",\"position\":3,\"name\":\"Cuisine collective multiculturelle\"}]},{\"@type\":\"WebSite\",\"@id\":\"https:\\\/\\\/centredappuifamilial.ca\\\/#website\",\"url\":\"https:\\\/\\\/centredappuifamilial.ca\\\/\",\"name\":\"Le Centre d&#039;Appui Familial\",\"description\":\"Le Centre d&#039;Appui Familial\",\"potentialAction\":[{\"@type\":\"SearchAction\",\"target\":{\"@type\":\"EntryPoint\",\"urlTemplate\":\"https:\\\/\\\/centredappuifamilial.ca\\\/?s={search_term_string}\"},\"query-input\":{\"@type\":\"PropertyValueSpecification\",\"valueRequired\":true,\"valueName\":\"search_term_string\"}}],\"inLanguage\":\"en-US\"}]}<\/script>\n<!-- \/ Yoast SEO plugin. -->","yoast_head_json":{"title":"Cuisine collective multiculturelle - Le Centre d&#039;Appui Familial","robots":{"index":"index","follow":"follow","max-snippet":"max-snippet:-1","max-image-preview":"max-image-preview:large","max-video-preview":"max-video-preview:-1"},"canonical":"https:\/\/centredappuifamilial.ca\/en\/product\/cuisine-collective-multiculturelle\/","og_locale":"en_US","og_type":"article","og_title":"Cuisine collective multiculturelle - Le Centre d&#039;Appui Familial","og_description":"Jeudi 27 juin 2019  De 17h30 \u00e0 20h30  \u00c0 l\u2019\u00e9cole Sainte-Marguerite-Bourgeoys\u00a0 (4700 Richard road SW - Calgary)  Les cuisines collectives, c\u2019est plus que de la cuisine. On sort de la maison, on rencontre de nouvelles personnes et on fait aussi de belles d\u00e9couvertes culinaires. On rit, on s\u2019amuse, on d\u00e9couvre et cuisine des recettes du monde pour ensuite les d\u00e9guster tous ensemble.  Inscriptions obligatoires \u00e0 karene@cdafsa.ca ou au 403-249-0525 poste 3  Service de garde et repas inclus\u00a0pour les enfants \u00e2g\u00e9s de 3 \u00e0 10 ans * (*sur inscription uniquement)  Cet \u00e9v\u00e8nement est organis\u00e9 en partenariat entre le Centre d'appui familial, La Cit\u00e9 des Rocheuses et le Centre d'accueil francophone.","og_url":"https:\/\/centredappuifamilial.ca\/en\/product\/cuisine-collective-multiculturelle\/","og_site_name":"Le Centre d&#039;Appui Familial","article_modified_time":"2023-06-27T21:43:22+00:00","og_image":[{"width":1307,"height":739,"url":"https:\/\/centredappuifamilial.ca\/wp-content\/uploads\/2019\/05\/cuisine-collective-multiculturelle-ok.png","type":"image\/png"}],"twitter_card":"summary_large_image","twitter_misc":{"Est. reading time":"1 minute"},"schema":{"@context":"https:\/\/schema.org","@graph":[{"@type":"WebPage","@id":"https:\/\/centredappuifamilial.ca\/en\/product\/cuisine-collective-multiculturelle\/","url":"https:\/\/centredappuifamilial.ca\/en\/product\/cuisine-collective-multiculturelle\/","name":"Cuisine collective multiculturelle - Le Centre d&#039;Appui Familial","isPartOf":{"@id":"https:\/\/centredappuifamilial.ca\/#website"},"primaryImageOfPage":{"@id":"https:\/\/centredappuifamilial.ca\/en\/product\/cuisine-collective-multiculturelle\/#primaryimage"},"image":{"@id":"https:\/\/centredappuifamilial.ca\/en\/product\/cuisine-collective-multiculturelle\/#primaryimage"},"thumbnailUrl":"https:\/\/centredappuifamilial.ca\/wp-content\/uploads\/2019\/05\/cuisine-collective-multiculturelle-ok.png","datePublished":"2019-05-30T16:35:14+00:00","dateModified":"2023-06-27T21:43:22+00:00","breadcrumb":{"@id":"https:\/\/centredappuifamilial.ca\/en\/product\/cuisine-collective-multiculturelle\/#breadcrumb"},"inLanguage":"en-US","potentialAction":[{"@type":"ReadAction","target":["https:\/\/centredappuifamilial.ca\/en\/product\/cuisine-collective-multiculturelle\/"]}]},{"@type":"ImageObject","inLanguage":"en-US","@id":"https:\/\/centredappuifamilial.ca\/en\/product\/cuisine-collective-multiculturelle\/#primaryimage","url":"https:\/\/centredappuifamilial.ca\/wp-content\/uploads\/2019\/05\/cuisine-collective-multiculturelle-ok.png","contentUrl":"https:\/\/centredappuifamilial.ca\/wp-content\/uploads\/2019\/05\/cuisine-collective-multiculturelle-ok.png","width":1307,"height":739},{"@type":"BreadcrumbList","@id":"https:\/\/centredappuifamilial.ca\/en\/product\/cuisine-collective-multiculturelle\/#breadcrumb","itemListElement":[{"@type":"ListItem","position":1,"name":"Home","item":"https:\/\/centredappuifamilial.ca\/en\/"},{"@type":"ListItem","position":2,"name":"Shop","item":"https:\/\/centredappuifamilial.ca\/en\/shop\/"},{"@type":"ListItem","position":3,"name":"Cuisine collective multiculturelle"}]},{"@type":"WebSite","@id":"https:\/\/centredappuifamilial.ca\/#website","url":"https:\/\/centredappuifamilial.ca\/","name":"Le Centre d&#039;Appui Familial","description":"Le Centre d&#039;Appui Familial","potentialAction":[{"@type":"SearchAction","target":{"@type":"EntryPoint","urlTemplate":"https:\/\/centredappuifamilial.ca\/?s={search_term_string}"},"query-input":{"@type":"PropertyValueSpecification","valueRequired":true,"valueName":"search_term_string"}}],"inLanguage":"en-US"}]}},"_links":{"self":[{"href":"https:\/\/centredappuifamilial.ca\/en\/wp-json\/wp\/v2\/product\/6415","targetHints":{"allow":["GET"]}}],"collection":[{"href":"https:\/\/centredappuifamilial.ca\/en\/wp-json\/wp\/v2\/product"}],"about":[{"href":"https:\/\/centredappuifamilial.ca\/en\/wp-json\/wp\/v2\/types\/product"}],"author":[{"embeddable":true,"href":"https:\/\/centredappuifamilial.ca\/en\/wp-json\/wp\/v2\/users\/2"}],"replies":[{"embeddable":true,"href":"https:\/\/centredappuifamilial.ca\/en\/wp-json\/wp\/v2\/comments?post=6415"}],"wp:featuredmedia":[{"embeddable":true,"href":"https:\/\/centredappuifamilial.ca\/en\/wp-json\/wp\/v2\/media\/6413"}],"wp:attachment":[{"href":"https:\/\/centredappuifamilial.ca\/en\/wp-json\/wp\/v2\/media?parent=6415"}],"wp:term":[{"taxonomy":"product_brand","embeddable":true,"href":"https:\/\/centredappuifamilial.ca\/en\/wp-json\/wp\/v2\/product_brand?post=6415"},{"taxonomy":"product_cat","embeddable":true,"href":"https:\/\/centredappuifamilial.ca\/en\/wp-json\/wp\/v2\/product_cat?post=6415"},{"taxonomy":"product_tag","embeddable":true,"href":"https:\/\/centredappuifamilial.ca\/en\/wp-json\/wp\/v2\/product_tag?post=6415"}],"curies":[{"name":"wp","href":"https:\/\/api.w.org\/{rel}","templated":true}]}}

<p><span style="color: #ff0000;"><strong>Jeudi 27 juin 2019</strong></span></p>
<p><strong>De 17h30 à 20h30</strong></p>
<p>À l’école Sainte-Marguerite-Bourgeoys  (4700 Richard road SW &#8211; Calgary)</p>
<p>Les cuisines collectives, c’est plus que de la cuisine. On sort de la maison, on rencontre de nouvelles personnes et on fait aussi de belles découvertes culinaires. On rit, on s’amuse, on découvre et cuisine des recettes du monde pour ensuite les déguster tous ensemble.</p>
<p><strong>Inscriptions obligatoires à karene@cdafsa.ca ou au 403-249-0525 poste 3</strong></p>
<p><span style="color: #008080;"><em><strong>Service de garde et repas inclus</strong></em></span><em style="color: #008080;"><strong> pour les enfants âgés de 3 à 10 ans * (*sur inscription uniquement)</strong></em></p>
<p>Cet évènement est organisé en partenariat entre le Centre d&#8217;appui familial, La Cité des Rocheuses et le Centre d&#8217;accueil francophone.</p>

<!-- This site is optimized with the Yoast SEO plugin v27.4 - https://yoast.com/product/yoast-seo-wordpress/ -->
<title>Cuisine collective multiculturelle - Le Centre d&#039;Appui Familial</title>
<meta name="robots" content="index, follow, max-snippet:-1, max-image-preview:large, max-video-preview:-1" />
<link rel="canonical" href="https://centredappuifamilial.ca/en/product/cuisine-collective-multiculturelle/" />
<meta property="og:locale" content="en_US" />
<meta property="og:type" content="article" />
<meta property="og:title" content="Cuisine collective multiculturelle - Le Centre d&#039;Appui Familial" />
<meta property="og:description" content="Jeudi 27 juin 2019  De 17h30 à 20h30  À l’école Sainte-Marguerite-Bourgeoys  (4700 Richard road SW - Calgary)  Les cuisines collectives, c’est plus que de la cuisine. On sort de la maison, on rencontre de nouvelles personnes et on fait aussi de belles découvertes culinaires. On rit, on s’amuse, on découvre et cuisine des recettes du monde pour ensuite les déguster tous ensemble.  Inscriptions obligatoires à karene@cdafsa.ca ou au 403-249-0525 poste 3  Service de garde et repas inclus pour les enfants âgés de 3 à 10 ans * (*sur inscription uniquement)  Cet évènement est organisé en partenariat entre le Centre d&#039;appui familial, La Cité des Rocheuses et le Centre d&#039;accueil francophone." />
<meta property="og:url" content="https://centredappuifamilial.ca/en/product/cuisine-collective-multiculturelle/" />
<meta property="og:site_name" content="Le Centre d&#039;Appui Familial" />
<meta property="article:modified_time" content="2023-06-27T21:43:22+00:00" />
<meta property="og:image" content="https://centredappuifamilial.ca/wp-content/uploads/2019/05/cuisine-collective-multiculturelle-ok.png" />
	<meta property="og:image:width" content="1307" />
	<meta property="og:image:height" content="739" />
	<meta property="og:image:type" content="image/png" />
<meta name="twitter:card" content="summary_large_image" />
<meta name="twitter:label1" content="Est. reading time" />
	<meta name="twitter:data1" content="1 minute" />
<script type="application/ld+json" class="yoast-schema-graph">{"@context":"https:\/\/schema.org","@graph":[{"@type":"WebPage","@id":"https:\/\/centredappuifamilial.ca\/en\/product\/cuisine-collective-multiculturelle\/","url":"https:\/\/centredappuifamilial.ca\/en\/product\/cuisine-collective-multiculturelle\/","name":"Cuisine collective multiculturelle - Le Centre d&#039;Appui Familial","isPartOf":{"@id":"https:\/\/centredappuifamilial.ca\/#website"},"primaryImageOfPage":{"@id":"https:\/\/centredappuifamilial.ca\/en\/product\/cuisine-collective-multiculturelle\/#primaryimage"},"image":{"@id":"https:\/\/centredappuifamilial.ca\/en\/product\/cuisine-collective-multiculturelle\/#primaryimage"},"thumbnailUrl":"https:\/\/centredappuifamilial.ca\/wp-content\/uploads\/2019\/05\/cuisine-collective-multiculturelle-ok.png","datePublished":"2019-05-30T16:35:14+00:00","dateModified":"2023-06-27T21:43:22+00:00","breadcrumb":{"@id":"https:\/\/centredappuifamilial.ca\/en\/product\/cuisine-collective-multiculturelle\/#breadcrumb"},"inLanguage":"en-US","potentialAction":[{"@type":"ReadAction","target":["https:\/\/centredappuifamilial.ca\/en\/product\/cuisine-collective-multiculturelle\/"]}]},{"@type":"ImageObject","inLanguage":"en-US","@id":"https:\/\/centredappuifamilial.ca\/en\/product\/cuisine-collective-multiculturelle\/#primaryimage","url":"https:\/\/centredappuifamilial.ca\/wp-content\/uploads\/2019\/05\/cuisine-collective-multiculturelle-ok.png","contentUrl":"https:\/\/centredappuifamilial.ca\/wp-content\/uploads\/2019\/05\/cuisine-collective-multiculturelle-ok.png","width":1307,"height":739},{"@type":"BreadcrumbList","@id":"https:\/\/centredappuifamilial.ca\/en\/product\/cuisine-collective-multiculturelle\/#breadcrumb","itemListElement":[{"@type":"ListItem","position":1,"name":"Home","item":"https:\/\/centredappuifamilial.ca\/en\/"},{"@type":"ListItem","position":2,"name":"Shop","item":"https:\/\/centredappuifamilial.ca\/en\/shop\/"},{"@type":"ListItem","position":3,"name":"Cuisine collective multiculturelle"}]},{"@type":"WebSite","@id":"https:\/\/centredappuifamilial.ca\/#website","url":"https:\/\/centredappuifamilial.ca\/","name":"Le Centre d&#039;Appui Familial","description":"Le Centre d&#039;Appui Familial","potentialAction":[{"@type":"SearchAction","target":{"@type":"EntryPoint","urlTemplate":"https:\/\/centredappuifamilial.ca\/?s={search_term_string}"},"query-input":{"@type":"PropertyValueSpecification","valueRequired":true,"valueName":"search_term_string"}}],"inLanguage":"en-US"}]}</script>
<!-- / Yoast SEO plugin. -->

Jeudi 27 juin 2019  De 17h30 à 20h30  À l’école Sainte-Marguerite-Bourgeoys  (4700 Richard road SW - Calgary)  Les cuisines collectives, c’est plus que de la cuisine. On sort de la maison, on rencontre de nouvelles personnes et on fait aussi de belles découvertes culinaires. On rit, on s’amuse, on découvre et cuisine des recettes du monde pour ensuite les déguster tous ensemble.  Inscriptions obligatoires à karene@cdafsa.ca ou au 403-249-0525 poste 3  Service de garde et repas inclus pour les enfants âgés de 3 à 10 ans * (*sur inscription uniquement)  Cet évènement est organisé en partenariat entre le Centre d'appui familial, La Cité des Rocheuses et le Centre d'accueil francophone.
